2
In base 4, what is 101 + -1002311332?
-1002311231
In base 5, what is -21202 - 4432214?
-10003421
In base 15, what is -18a1a + 3b?
-189ce
In base 10, what is 3 - 23680798?
-23680795
In base 13, what is -663a + 2c82?
-3688
In base 16, what is 1108eb4 - 2e?
1108e86
In base 13, what is 105b06 + 15c?
105c65
In base 5, what is 421241 + 304?
422100
In base 15, what is 31ad07e - -1?
31ad080
In base 3, what is -2000 + -22100022012010?
-22100022021010
In base 5, what is 1001 - -122300312?
122301313
In base 6, what is -4 - 41143120?
-41143124
In base 4, what is -10 + -20102013220?
-20102013230
In base 2, what is -11011110000010 + 100111?
-11011101011011
In base 12, what is a230a6 - 6?
a230a0
In base 11, what is 200 - 15342?
-15142
In base 9, what is 38256 + 1327?
40584
In base 5, what is 11114313 - 1022?
11113241
In base 3, what is 11 - -1000210111122200?
1000210111122211
In base 13, what is 35 + 123b597?
123b5cc
In base 11, what is -1131 - -95660?
9452a
In base 10, what is -26678 - -2262?
-24416
In base 15, what is 23a206 - 3?
23a203
In base 6, what is -104314 + -11205?
-115523
In base 5, what is -3124341301303 + -4?
-3124341301312
In base 11, what is -4 - -609789a2?
60978999
In base 14, what is 50d + 1181b?
11d2a
In base 3, what is -11000212101 - -1120120?
-10222021211
In base 6, what is 13105150414 + 2?
13105150420
In base 15, what is -3d5 - 2656?
-2a3b
In base 7, what is 1252016 + -116?
1251600
In base 5, what is 11230232042 - -10?
11230232102
In base 11, what is 2 - -2580a4a?
2580a51
In base 13, what is -591b2c + -1?
-591b30
In base 14, what is 18490d3 - -3?
18490d6
In base 11, what is -205 + -1739?
-1943
In base 16, what is ee4 - cb?
e19
In base 8, what is 573 - -2444203?
2444776
In base 6, what is 0 + -22512021433?
-22512021433
In base 5, what is -2033244301141 - 0?
-2033244301141
In base 9, what is -14242024 + -1?
-14242025
In base 6, what is 1031120111 + -31?
1031120040
In base 5, what is -2033410300233 - 0?
-2033410300233
In base 9, what is 7034466 - -5?
7034472
In base 6, what is -230223 - -1100152?
425525
In base 6, what is -3 - 203013332?
-203013335
In base 6, what is -44423034 - -11?
-44423023
In base 15, what is -d - -5bbab0?
5bbaa2
In base 11, what is 325a - 111?
3149
In base 4, what is -132 - 231200110?
-231200302
In base 2, what is -110000101 - 1110110000101111?
-1110110110110100
In base 12, what is -1418 - 107?
-1523
In base 9, what is -113446 + 221?
-113225
In base 8, what is -53366224 + -2?
-53366226
In base 4, what is -131221011 - 200?
-131221211
In base 4, what is 3030302031121 - -113?
3030302031300
In base 7, what is -102352045 + 131?
-102351614
In base 13, what is 1a - 5233a?
-52320
In base 16, what is 1a - -12acdcb?
12acde5
In base 11, what is 7 + -a88116?
-a8810a
In base 16, what is 2 - d4761?
-d475f
In base 15, what is 2ec7a8 - 4?
2ec7a4
In base 3, what is -101110212 - -110022?
-101000120
In base 5, what is -2 + -134330020010?
-134330020012
In base 6, what is 2210355225 + 44?
2210355313
In base 3, what is 1000 + 102010101020000?
102010101021000
In base 10, what is -4941 - 16667?
-21608
In base 12, what is -11 - 8a75a5?
-8a75b6
In base 4, what is 12030020323013 - -10?
12030020323023
In base 7, what is -21151335 - -5?
-21151330
In base 9, what is -853 - -303851?
302887
In base 5, what is -4014 + 2101403?
2042334
In base 15, what is 0 - 36503c?
-36503c
In base 10, what is 92101 - 64?
92037
In base 11, what is 14a53a8 - -2?
14a53aa
In base 6, what is 11 - -3435331540?
3435331551
In base 6, what is -1012 - -50550?
45534
In base 14, what is 19 + -b205b?
-b2042
In base 10, what is -674 - -160103?
159429
In base 16, what is -bbf1a - 7?
-bbf21
In base 11, what is -5 + -66429956?
-66429960
In base 7, what is 211 + -605251?
-605040
In base 9, what is 577510753 + 1?
577510754
In base 2, what is -11000010000011 - 100110011101001?
-111110101101100
In base 15, what is 7 + bcdbd5?
bcdbdc
In base 13, what is -18b - 172514?
-1726a2
In base 11, what is 1 + -3178094?
-3178093
In base 3, what is 100 - 11221122?
-11221022
In base 8, what is -503 + -244404?
-245107
In base 11, what is -102 + 18a6171?
18a606a
In base 11, what is 1496 + 4747?
6132
In base 12, what is 1464 - -28279?
29721
In base 11, what is -8920 + 154?
-8777
In base 11, what is -69 - -519249?
519190
In base 6, what is -2325113 - 10253?
-2335410
In base 14, what is -2 + -11371bc?
-11371c0
In base 11, what is 3 + 2a84439?
2a84441
In base 8, what is -25133 + -447?
-25602
In base 11, what is -2239263 - 9?
-2239271
In base 14, what is 384d6 - 153?
38383
In base 16, what is -5 + -b098510?
-b098515
In base 16, what is 3b2753e - -5?
3b27543
In base 16, what is -298515 + -d?
-298522
In base 15, what is ae12 - -25e3?
d505
In base 2, what is 11 - 100010011101101000010010?
-100010011101101000001111
In base 9, what is 4 + -6738226?
-6738222
In base 12, what is 5918106 - -2?
5918108
In base 14, what is 36 + -8441?
-8409
In base 4, what is -13120213013212 + -1?
-13120213013213
In base 6, what is 2 + -4115504014?
-4115504012
In base 16, what is 4cf8f07 - 3?
4cf8f04
In base 16, what is -22ead5b0 + 2?
-22ead5ae
In base 7, what is 1412540 - 6100?
1403440
In base 3, what is 100 + 20002210000001?
20002210000101
In base 11, what is -2 + 37967?
37965
In base 9, what is -14100832 + 0?
-14100832
In base 8, what is -2467405 - -55?
-2467330
In base 13, what is -48 - 8b7ac?
-8b827
In base 12, what is -11 + 4b679b?
4b678a
In base 9, what is -33401 + -3846?
-37347
In base 6, what is -10252021202 - -2?
-10252021200
In base 13, what is -a452 + 267?
-a1b8
In base 6, what is -5 + 35513243351?
35513243342
In base 9, what is 401272577 - 0?
401272577
In base 7, what is 105065 - 22262?
52503
In base 13, what is 88b1 + 464?
9045
In base 13, what is 370637 - 7?
370630
In base 5, what is 303344014443 + -21?
303344014422
In base 8, what is 17407063 + 0?
17407063
In base 15, what is -6 + -13772b7?
-13772bd
In base 3, what is -22001011221100201 - 1?
-22001011221100202
In base 13, what is 8 - -479547a?
4795485
In base 2, what is -1010110110 - 1000001010001101001?
-1000001011100011111
In base 13, what is 45aa3 + c9?
45b9c
In base 15, what is dc2b0 - 1?
dc2ae
In base 13, what is -3212721 - -1?
-3212720
In base 7, what is 4263534 - 4230?
4256304
In base 8, what is 5211202 + 135?
5211337
In base 13, what is 3 + 6a4725?
6a4728
In base 13, what is 1285 + 572?
1827
In base 2, what is 10101 + 11010010011101111111?
11010010011110010100
In base 9, what is 1011517 - 7?
1011510
In base 9, what is -5343233 + 4?
-5343228
In base 16, what is -ae15 - -58?
-adbd
In base 14, what is 144a5d - 4a9?
144594
In base 15, what is 2 + -4282257?
-4282255
In base 10, what is -12 - -3637495?
3637483
In base 12, what is -262 - -74340?
7409a
In base 4, what is 310021233 - 33321?
303321312
In base 2, what is 10010111000100011101011111 - 111?
10010111000100011101011000
In base 9, what is -714 + -180577?
-181402
In base 6, what is -130 + -1515410?
-1515540
In base 8, what is 536 + -25?
511
In base 2, what is -11010001110001101101001011101 - -10?
-11010001110001101101001011011
In base 7, what is 3634026 + 1022?
3635051
In base 10, what is 59609 - 5652?
53957
In base 10, what is 231637 - -20?
231657
In base 12, what is 1674 + -2bb4?
-1540
In base 10, what is 1390300 - 270?
1390030
In base 15, what is -3b5545 + 2?
-3b5543
In base 8, what is -4417437 + 31?
-4417406
In base 7, what is -16144012 - -200?
-16143512
In base 16, what is 5a543a - -1c?
5a5456
In base 16, what is 1 + 427ba34?
427ba35
In base 9, what is -656 - 44862?
-45628
In base 13, what is 2933ca + -420?
292caa
In base 2, what is 1100 - -101000000101000010010110?
101000000101000010100010
In base 9, what is -67402 - -304?
-67087
In base 14, what is 113 + -7b148b?
-7b1378
In base 13, what is 429035 + 3?
429038
In base 15, what is 19 + -556c55?
-556c3b
In base 12, what is -3249 + -31b7?
-6444
In base 12, what is 185 - 2ab132?
-2aab69
In base 9, what is -88625538 + 4?
-88625534
In base 12, what is -15a - -5b6783?
5b6625
In base 10, what is 278 + 403883?
404161
In base 5, what is 141 - -1410242?
1410433
In base 5, what is -403040424 - -242?
-403040132
In base 16, what is c6 + 62320?
623e6
In base 11, what is 700a288 - 24?
700a264
In base 4, what is -2 + -2220130121?
-2220130123
In base 14, what is -702